{"id":477,"date":"2024-03-14T13:24:53","date_gmt":"2024-03-14T12:24:53","guid":{"rendered":"https:\/\/www.lichtradschmiede.ch\/wordpress\/coaching-und-beratung-copy\/"},"modified":"2024-05-06T09:26:30","modified_gmt":"2024-05-06T07:26:30","slug":"mitmachen","status":"publish","type":"page","link":"https:\/\/www.lichtradschmiede.ch\/wordpress\/mitmachen\/","title":{"rendered":"Mitmachen"},"content":{"rendered":"<p>[et_pb_section fb_built=&#8220;1&#8243; fullwidth=&#8220;on&#8220; disabled_on=&#8220;off|off|off&#8220; _builder_version=&#8220;4.24.3&#8243; _module_preset=&#8220;default&#8220; link_option_url=&#8220;https:\/\/www.lichtradschmiede.ch\/wordpress\/&#8220; global_module=&#8220;1269&#8243; saved_tabs=&#8220;all&#8220; global_colors_info=&#8220;{}&#8220;][et_pb_fullwidth_image src=&#8220;https:\/\/www.lichtradschmiede.ch\/wordpress\/wp-content\/uploads\/2024\/04\/header_wordpress-2024.jpg&#8220; title_text=&#8220;header_wordpress-2024&#8243; disabled_on=&#8220;on|on|on&#8220; _builder_version=&#8220;4.25.0&#8243; _module_preset=&#8220;default&#8220; disabled=&#8220;on&#8220; global_colors_info=&#8220;{}&#8220;][\/et_pb_fullwidth_image][\/et_pb_section][et_pb_section fb_built=&#8220;1&#8243; _builder_version=&#8220;4.24.2&#8243; _module_preset=&#8220;default&#8220; background_enable_color=&#8220;off&#8220; global_colors_info=&#8220;{}&#8220;][et_pb_row _builder_version=&#8220;4.24.3&#8243; _module_preset=&#8220;default&#8220; custom_margin=&#8220;||0px||false|false&#8220; custom_padding=&#8220;||0px||false|false&#8220; global_colors_info=&#8220;{}&#8220;][et_pb_column type=&#8220;4_4&#8243; _builder_version=&#8220;4.24.3&#8243; _module_preset=&#8220;default&#8220; global_colors_info=&#8220;{}&#8220;][et_pb_text _builder_version=&#8220;4.24.3&#8243; _module_preset=&#8220;default&#8220; global_colors_info=&#8220;{}&#8220;]<\/p>\n<h1>Bring Dein Licht mit ein!<\/h1>\n<p>[\/et_pb_text][\/et_pb_column][\/et_pb_row][et_pb_row column_structure=&#8220;2_5,3_5&#8243; _builder_version=&#8220;4.24.3&#8243; _module_preset=&#8220;default&#8220; global_colors_info=&#8220;{}&#8220;][et_pb_column type=&#8220;2_5&#8243; _builder_version=&#8220;4.24.3&#8243; _module_preset=&#8220;default&#8220; global_colors_info=&#8220;{}&#8220;][et_pb_text _builder_version=&#8220;4.24.3&#8243; _module_preset=&#8220;default&#8220; global_colors_info=&#8220;{}&#8220;]<\/p>\n<p>F\u00fcr eine Jahresmitgliedschaft von nur 50 Franken erm\u00f6glicht dir diese Plattform, die Kraft und Reichweite der Gemeinschaft zu nutzen und gleichzeitig zu st\u00e4rken. <span>Die Mitgliedschaft ist f\u00fcr Menschen unter 20 Jahren und AHV Rentner kostenlos.<\/span><\/p>\n<h2>Wie werde ich Mitglied?<\/h2>\n<p><span>Um Mitglied zu werden, besuche unsere Website und sieh dir die Profile von zwei oder drei bestehenden Mitgliedern an. Sende uns dann deine Texte und dein Portr\u00e4tfoto entweder direkt \u00fcber das Formular auf der Website oder alternativ per E-Mail an <\/span><a target=\"_new\" rel=\"noopener\">info@lichtradschmiede.ch<\/a><span>.<br \/>Als Mitglied der Tafelrunde, erh\u00e4ltst du jedes Jahr eine Rechnung von 50 Franken.<\/span><\/p>\n<h2>Was wir von dir ben\u00f6tigen:<\/h2>\n<ul>\n<li>Eine kurze Biografie \u00fcber dich (max. 1200 Zeichen)<\/li>\n<li>Deinen beruflichen Werdegang als Liste<\/li>\n<li>Ein qualitativ hochwertiges Portr\u00e4tfoto von dir (.jpg, .tiff oder .png)<\/li>\n<li>Eine Auflistung der von dir angebotenen Produkte und\/oder Dienstleistungen<\/li>\n<li><span>Falls ein von dir angebotener Dienstleistung nicht bereits auf der Website aufgef\u00fchrt ist, sende uns bitte eine kurze Beschreibung daf\u00fcr.<\/span><\/li>\n<li>Die Kontaktdaten, die du auf der Website ver\u00f6ffentlichen m\u00f6chtest (Name, Adresse, Telefon, Mobiltelefon, E-Mail, Website)<\/li>\n<\/ul>\n<p>[\/et_pb_text][\/et_pb_column][et_pb_column type=&#8220;3_5&#8243; _builder_version=&#8220;4.24.3&#8243; _module_preset=&#8220;default&#8220; global_colors_info=&#8220;{}&#8220;][dsm_contact_form_7 cf7_library=&#8220;1183&#8243; input_background_color=&#8220;#FFFFFF&#8220; file_padding=&#8220;20px|20px|20px|20px|false|true&#8220; file_background_color=&#8220;#ffffff&#8220; _builder_version=&#8220;4.24.3&#8243; _module_preset=&#8220;default&#8220; labels_font=&#8220;||||||||&#8220; input_textarea_select_font_size=&#8220;18px&#8220; file_font_size=&#8220;18px&#8220; background_color=&#8220;#fee493&#8243; custom_button_one=&#8220;on&#8220; button_one_text_color=&#8220;#FFFFFF&#8220; custom_padding=&#8220;50px|50px|50px|50px|true|true&#8220; custom_padding_tablet=&#8220;50px|50px|50px|50px|true|true&#8220; custom_padding_phone=&#8220;|10px||10px|true|true&#8220; custom_padding_last_edited=&#8220;on|phone&#8220; border_radii=&#8220;on|50px|50px|50px|50px&#8220; global_colors_info=&#8220;{}&#8220;][\/dsm_contact_form_7][\/et_pb_column][\/et_pb_row][\/et_pb_section]<\/p>\n","protected":false},"excerpt":{"rendered":"<p>Bring Dein Licht mit ein!F\u00fcr eine Jahresmitgliedschaft von nur 50 Franken erm\u00f6glicht dir diese Plattform, die Kraft und Reichweite der Gemeinschaft zu nutzen und gleichzeitig zu st\u00e4rken. Die Mitgliedschaft ist f\u00fcr Menschen unter 20 Jahren und AHV Rentner kostenlos. Wie werde ich Mitglied? Um Mitglied zu werden, besuche unsere Website und sieh dir die Profile [&hellip;]<\/p>\n","protected":false},"author":1,"featured_media":0,"parent":0,"menu_order":0,"comment_status":"closed","ping_status":"closed","template":"","meta":{"_acf_changed":false,"_et_pb_use_builder":"on","_et_pb_old_content":"","_et_gb_content_width":"","footnotes":""},"class_list":["post-477","page","type-page","status-publish","hentry"],"acf":[],"_links":{"self":[{"href":"https:\/\/www.lichtradschmiede.ch\/wordpress\/wp-json\/wp\/v2\/pages\/477","targetHints":{"allow":["GET"]}}],"collection":[{"href":"https:\/\/www.lichtradschmiede.ch\/wordpress\/wp-json\/wp\/v2\/pages"}],"about":[{"href":"https:\/\/www.lichtradschmiede.ch\/wordpress\/wp-json\/wp\/v2\/types\/page"}],"author":[{"embeddable":true,"href":"https:\/\/www.lichtradschmiede.ch\/wordpress\/wp-json\/wp\/v2\/users\/1"}],"replies":[{"embeddable":true,"href":"https:\/\/www.lichtradschmiede.ch\/wordpress\/wp-json\/wp\/v2\/comments?post=477"}],"version-history":[{"count":3,"href":"https:\/\/www.lichtradschmiede.ch\/wordpress\/wp-json\/wp\/v2\/pages\/477\/revisions"}],"predecessor-version":[{"id":1970,"href":"https:\/\/www.lichtradschmiede.ch\/wordpress\/wp-json\/wp\/v2\/pages\/477\/revisions\/1970"}],"wp:attachment":[{"href":"https:\/\/www.lichtradschmiede.ch\/wordpress\/wp-json\/wp\/v2\/media?parent=477"}],"curies":[{"name":"wp","href":"https:\/\/api.w.org\/{rel}","templated":true}]}}